nd i.
11
Let s be 430 - 10 - (-1 - -1). Suppose -10*v = -0*v - s. What is the highest common factor of v and 210?
42
Suppose -3*t = t - 5*w - 77, 0 = t + 3*w + 2. Let q = 13 + 52. What is the highest common factor of q and t?
13
Suppose -10 = 3*p + 2, 0 = 4*r + 3*p - 72. What is the highest common factor of r and 21?
21
Let t(o) = 11*o**3 - 3*o**2 + o. Let c be t(2). Suppose c + 102 = 5*h. Calculate the highest common divisor of 18 and h.
18
Let v = -78 + 91. Calculate the highest common factor of 533 and v.
13
Let m(w) = w**3 + 4*w**2 - 15*w - 3. Let f be m(-5). Let g = 70 - f. Calculate the highest common divisor of 23 and g.
23
Let z be 49/1*134/938. Suppose 0 = -2*w + 6 + 4. Suppose -2*x = -w*x + 168. Calculate the greatest common factor of x and z.
7
Suppose 0 = -2*z + 5*z + 1116. Let t = z - -984. Let v be 1/(4*3/t). What is the highest common divisor of 34 and v?
17
Let q = -79 - -99. Suppose -3*d + 5*p + 7 = 0, -6*d = -2*d + 4*p - q. Calculate the greatest common factor of d and 4.
4
Let t be ((-1)/2)/((-1)/22). Let q(w) = -w**3 + 12*w**2 + 5*w + 17. Let p be q(12). What is the greatest common factor of t and p?
11
Let h be 4/26 - 2217/(-39). Let l = h + -37. What is the highest common divisor of 5 and l?
5
Suppose -3*o = 4*j - 2804, -5*o = -284*j + 288*j - 2796. What is the highest common factor of 264 and j?
88
Let r be (-66)/18*1*-33. Calculate the highest common divisor of 363 and r.
121
Let q(i) = -i**3 + i**2 + 10*i. Let y be q(-5). Calculate the highest common divisor of y and 3200.
100
Let r(b) = b**3 - 18*b**2 + 31*b + 71. Let c be r(16). What is the greatest common factor of c and 385?
55
Let m = -21 + 23. Suppose z - m = 0, 2*d + 5*z - 20 = 6. What is the highest common factor of d and 1?
1
Let k be 7/(((-1)/2)/((-22)/(-4))). Let z = k - -82. Calculate the greatest common factor of z and 45.
5
Suppose -m + 4*h - 8*h = -62, 3*h = 2*m - 168. What is the highest common factor of m and 39?
39
Let p be 38 - (-3)/(-5 - -2). Calculate the greatest common divisor of p and 1517.
37
Let g = 857 - 601. Let i(l) = 2*l**2 - 4*l + 2. Let q be i(5). What is the greatest common factor of q and g?
32
Suppose 6*h + 1288 = 4*k + 2*h, 0 = -2*k - 4*h + 632. Calculate the greatest common factor of k and 5.
5
Let q(g) = 4*g**2 - 3*g - 2. Let d be q(-1). Let o = d - -28. Let u(h) = h**3 + 7*h**2 + 3. Let f be u(-7). What is the highest common divisor of f and o?
3
Let k = 4 + -2. Let w(d) = -3 + 22*d**2 + 6*d**2 + 7*d - 4*d. Let u be w(k). What is the highest common divisor of u and 46?
23
Suppose 1910 + 16955 = 55*n. What is the greatest common divisor of 98 and n?
49
Suppose -3*o - 2 = 4*i, -2*o = -i + 2*o + 9. Suppose 4*b + 788 = -3*w + 800, -2*w + 10 = 2*b. What is the highest common divisor of w and i?
1
Let z(g) = -g**2 + 5*g + 66. Let a be z(6). What is the greatest common divisor of 210 and a?
30
Let i(r) = -r**3 - 8*r**2 + 4*r + 43. Let o be i(-8). What is the highest common factor of o and 22?
11
Let s(k) = 15*k**2 + 3*k - 3. Suppose 5*z - 4*n + 15 = 0, 2*z + 4*n - 15 - 7 = 0. Let g be s(z). What is the greatest common divisor of g and 60?
15
Let i(t) = 2. Let g(k) = 13*k + 5. Let b(m) = -2*g(m) + 6*i(m). Let v be b(-1). What is the greatest common factor of 84 and v?
28
Suppose o + 3 = -3*u - 0, -u = -4*o - 12. Let j be 0 - 1 - (-6 + u). Suppose 5*b = 4*q + 51, 0*q = 5*q - j. Calculate the greatest common factor of 88 and b.
11
Suppose -4*l - 4 = -2*i, -i - 2*l - 4 = -3*i. Suppose -2*r + i = -12. Calculate the greatest common factor of 112 and r.
7
Let w(l) = 9*l + 1. Let g = 30 - 29. Let z be w(g). What is the highest common divisor of 10 and z?
10
Suppose -17 - 91 = 6*o. Let w be o/(-8) + 2/(-8). Calculate the highest common divisor of 6 and w.
2
Suppose -28 = c - 52. Calculate the greatest common divisor of c and 24.
24
Let k(v) be the second derivative of 2*v**3/3 - 5*v**2 - 7*v. Let d be k(15). What is the highest common factor of d and 10?
10
Let j be 4 + (-5034)/(-30) - (-1)/5. Calculate the highest common divisor of j and 903.
43
Let n = -575 - -584. Let t(p) = -p**3 - 7*p**2 - 8*p + 7. Let i be t(-7). Calculate the greatest common factor of i and n.
9
Suppose -m - 38 + 75 = 2*g, -2*g + 28 = 4*m. Suppose -39 - 1 = -4*j. Calculate the highest common divisor of j and g.
10
Let h be 75/15 - (3 - 72). What is the greatest common divisor of 37 and h?
37
Let m(d) = 7 + 21 - 3*d - 10 + 8. Let n be m(4). What is the greatest common divisor of 35 and n?
7
Let j = 5 + -5. Suppose 12*k - 11*k - 6 = j. Suppose -k*i - 5*g = -2*i - 131, -2*g - 49 = -i. What is the highest common factor of i and 26?
13
Suppose 3*r - r + 936 = b, 0 = r. Suppose -4*k + b = 324. What is the greatest common divisor of k and 17?
17
Let q = 97 + 13. Let f = -6 + 7. Let n = 11 - f. What is the greatest common factor of n and q?
10
Let c(w) = 2*w**2 - 30*w + 66. Let a be c(13). Suppose 0*d + d = 14. Calculate the greatest common factor of d and a.
14
Suppose -5*l + 4*c = -36, 0 = 9*c - 8*c - 1. What is the highest common factor of l and 8?
8
Let d(o) = -o**2 - 8*o - 2. Let c be d(-7). Suppose c*t = 3*v + 35 + 15, -4*t - 5*v + 40 = 0. Calculate the greatest common factor of t and 50.
10
Let c = -18 - -63. Calculate the greatest common divisor of 210 and c.
15
Let n be (-12)/((-3)/(-36)*-4). Calculate the greatest common factor of n and 18.
18
Let k be (-30)/12*4/(-1). Let m(i) = 7*i**3 - 4*i**2 + 4*i - 2. Let o be m(1). What is the highest common divisor of k and o?
5
Let q(w) = -w**3 + 16*w**2 - 15*w + 2. Let s be q(15). Suppose 0 = -4*t - s*t + 216. What is the highest common factor of 48 and t?
12
Let g(t) = 71*t - 1. Let n be g(2). Let v = n + -106. What is the highest common divisor of v and 105?
35
Let u be 1/(-3) + (-484)/(-12). Let f be 159/(-2)*u/(-12). Let h be 4/10 - f/(-25). What is the greatest common factor of 11 and h?
11
Let x be ((-392)/20)/(-14)*45. Calculate the greatest common factor of 112 and x.
7
Let a be -4 + ((-26)/143 - (-180)/22). Calculate the greatest common divisor of 38 and a.
2
Let p(q) = 16*q - 15. Let n be p(4). Let b = n + -35. Calculate the highest common factor of 7 and b.
7
Let g = 14 - -8. Let m be -46 - ((0 - -3) + -1). Let o = -26 - m. Calculate the greatest common factor of o and g.
22
Suppose 5*l - 2249 = -j, -3 = -j + 4*j. What is the highest common divisor of 50 and l?
50
Let l be 16 + 6 + -3 + -3. Let u(z) = 0*z + z - z**2 + 4 - 2 + 2*z. Let x be u(3). Calculate the highest common factor of l and x.
2
Let n = 26 + 61. Suppose 5*z = 17 - 2. Let y be z/(-18) - 350/(-12). What is the highest common divisor of n and y?
29
Suppose 2*o + 41 = h, 80 = 2*h + 156*o - 161*o. Let g = 30 + -21. What is the greatest common divisor of g and h?
9
Let h be (-10)/(1 + 4) - -66. Let k = h + -38. Calculate the greatest common factor of k and 13.
13
Let v = 6 + -3. Let z(o) = 9*o + 4*o + 5*o - 7*o - v. Let b be z(3). What is the greatest common divisor of b and 12?
6
Suppose 2*n = 5*r - 2*n + 10, -2*r = -4*n + 16. Let y be (-5)/r + 2/4 - -38. What is the highest common divisor of y and 288?
36
Suppose -5*f - 3*h + 60 = 0, 3*f - 30 = -h - 2*h. Let v = f - 12. What is the highest common factor of 2 and v?
1
Let n = 128 + -102. Calculate the highest common divisor of n and 2.
2
Let u = -25 + 36. Suppose 4*i + 9 = 13. What is the highest common divisor of u and i?
1
Let d(v) = v**3 - 46*v**2 - 48*v + 69. Let b be d(47). Calculate the greatest common divisor of 352 and b.
22
Suppose -5*s = -11*s + 330. Calculate the greatest common divisor of 44 and s.
11
Suppose -3*z + 3 + 27 = 0. Let a = z + -6. Let j be 27*-3*a/(-18). Calculate the highest common factor of j and 90.
18
Suppose 0 = 2*g - n - 4, 2*g - 1 - 9 = -2*n. Suppose -420 = -4*r - g*r. What is the greatest common factor of 45 and r?
15
Suppose 24 = 3*u + 3*s, -154*s + 8 = -158*s. Let p = -7 - -32. Calculate the highest common factor of u and p.
5
Let t be -77*(0 - 2 - -1). Let y be 12/3*(-33)/(-6). Let f = y + -11. Calculate the highest common factor of f and t.
11
Let g = 70 + -45. Let k(v) = v**2 - 27*v + 201. Let p be k(16). Calculate the highest common factor of p and g.
25
Let v(y) = -11*y - 9. Let j be v(-3). Suppose 4*i = i + j. What is the greatest common factor of i and 16?
8
Su